e j(h). Calculate the greatest common divisor of y and u.
14
Let g be (-15)/2*8/6. Let h be (-2)/(-5) - 36/g. Let z be (-1)/h + (-1347)/(-12). What is the highest common divisor of 16 and z?
16
Suppose -6*q + q = -560. Calculate the greatest common divisor of q and 14.
14
Let u(c) = -10*c - 5. Let z be u(-4). Calculate the greatest common factor of 385 and z.
35
Let g(b) = -b**2 + 4*b - 10 + 3*b + 36 - 18. Let z be g(4). What is the highest common divisor of z and 60?
20
Suppose -13*b - 88 = -17*b. What is the highest common divisor of 22 and b?
22
Suppose w + 3*w = -16. Let y be w/(-2) + -3 + 20. Let b = 31 - y. Calculate the highest common divisor of b and 108.
12
Let w(d) = -d**3 + 5*d**2 - 3*d. Let a(i) = -i**2 + 7*i + 3. Let m be a(7). Let y be w(m). Calculate the highest common factor of 9 and y.
9
Suppose 3*r = -h + 235, h - 74 = -2*r + 83. Calculate the highest common divisor of r and 130.
26
Suppose 2*o - 6 = 0, -s + o = -o + 5. What is the greatest common factor of 9 and s?
1
Let v be 4/6 - (-58)/3. Let b(p) = p**3 + 7*p**2 + 7. Let k be b(-8). Let f = k + 117. Calculate the highest common divisor of v and f.
20
Suppose -6*j + 3*j - 18 = -2*l, -4*j - 14 = -l. Suppose 0 = 4*h + 3 + 9. Let g(k) = 3*k**2 + 3. Let o be g(h). Calculate the highest common factor of l and o.
6
Suppose -4*g + 6*g = 12. Let d(z) = -4*z**2 - z + 2. Let m be d(0). Calculate the highest common factor of m and g.
2
Let z(v) = -v**3 + 4*v**2 - v + 8. Let f be z(4). Let n = 23 + -11. What is the greatest common divisor of f and n?
4
Suppose -3*d + 54 = 3*c, 4*d + 5*c - 102 = -29. Calculate the highest common factor of 119 and d.
17
Let c = -85 + 136. Suppose 2*v + 0*l = -l + 102, 0 = -v + 4*l + c. Suppose m = -0*m + r + v, 5*m - 3*r = 253. What is the highest common divisor of 10 and m?
10
Let w be 1*(2 + 4 + 1). Let v = -20 + 34. What is the greatest common divisor of w and v?
7
Suppose -4*t = -y + 16 - 5, -61 = -4*y - t. Calculate the highest common factor of 30 and y.
15
Let s be (-3 - 0)*(-8 - -5). What is the highest common divisor of 6 and s?
3
Let u be (4/6)/(13/273). Suppose -7*w = -6*w - u. Calculate the greatest common factor of 7 and w.
7
Suppose 2*d - 27 = 5*d. Let n = d + -10. Let z = 41 + n. What is the highest common factor of z and 33?
11
Let k = -13 + 2. Let v = k - -43. Calculate the highest common divisor of 80 and v.
16
Let c = 1 - 4. Let m(q) = -3*q + 3. Let n be m(c). Let h be -8*(-1)/(-1)*-1. Calculate the highest common divisor of h and n.
4
Let y(d) = -d**3 - 5*d**2 + 8*d + 17. Let h be y(-6). Let b = 39 - -6. What is the greatest common factor of h and b?
5
Let w(y) = -1. Let z(k) = 6*k**3 + 4. Let c(s) = 3*w(s) + z(s). Let g be c(-1). Let m be 28*((-3)/3 - g). Calculate the greatest common factor of 16 and m.
16
Let a(s) = 6 + 0*s - 3*s + 2*s. Suppose -o + 25 + 22 = -5*i, 4*i - 3*o + 42 = 0. Let q be a(i). Calculate the greatest common factor of q and 135.
15
Let x(n) = -n. Let c be x(-8). Let p(y) = -y + 20. Let m be p(c). Suppose 9 = -t - 5*h, -t + 6 = -2*t - 4*h. What is the greatest common divisor of t and m?
6
Let i(f) = -f**3 + 6*f**2 - 3*f - 6. Let g be i(-3). What is the highest common factor of g and 12?
12
Suppose n - 21 + 0 = 5*b, 0 = 2*b + 10. Let s be 12/n - -2*7. Calculate the highest common factor of s and 1.
1
Suppose 2*t + 0*w = 3*w + 18, 9 = t - 3*w. Suppose -3*z - t = -6*z - r, z + 2*r - 3 = 0. Let n be (z/2)/(9/60). What is the greatest common divisor of 10 and n?
10
Let k(c) = 4*c - 48. Let i be k(15). Calculate the highest common factor of 16 and i.
4
Let x(d) = d**2 + 13*d + 23. Let z be x(-13). What is the greatest common factor of 23 and z?
23
Let b = -13 + 58. Let v = -27 + b. Let u(j) = 75*j - 3. Let z be u(1). What is the highest common factor of z and v?
18
Suppose 0 = 3*b - 4*x - 20, -4*x - 12 = -6*b + 5*b. What is the greatest common divisor of b and 20?
4
Let n(x) = -x**3 + x + 22. Let t be n(0). Calculate the greatest common factor of t and 154.
22
Let f(n) = -12*n - 4. Let o be f(-4). Suppose -8*u + 242 = 3*u. What is the greatest common factor of u and o?
22
Let o(g) = g**2 + 16*g + 21. Let d be o(-15). What is the greatest common factor of d and 30?
6
Let k = -256 + 444. Suppose 2*j - k + 28 = 0. Let u = -14 - -24. What is the greatest common divisor of j and u?
10
Let k(u) = -15*u - 2. Let w be k(-2). Let p be 148/w - (-2)/(-7). Calculate the greatest common factor of p and 10.
5
Let v(u) = 6*u**2 + 2*u + 8. Let y be v(4). Calculate the greatest common divisor of 32 and y.
16
Suppose -5*w + w + 46 = 2*i, 3*w = -4*i + 82. Calculate the highest common factor of i and 57.
19
Suppose -2*x + 22 + 6 = 0. Let n = x + -8. Let p = n + 14. What is the highest common divisor of p and 10?
10
Let q(p) = -p**3 - 2*p**2 + 2*p + 9. Let b be q(-4). Let s(z) = -z**2 - 4*z + 3. Let x be s(-4). Let w = 25 - x. What is the greatest common factor of b and w?
11
Let d(o) = o**3 + 9*o**2 - 14*o - 16. Let c be d(-10). Calculate the greatest common factor of 120 and c.
24
Let k(z) = -1. Let n(g) = g - 2. Let f(r) = -4*k(r) + n(r). Let c be f(-7). Let b = c - -9. What is the greatest common factor of b and 12?
4
Let o(t) = -t + 12. Let j be o(6). Let b be (-2)/1*(-1 - 5). What is the highest common divisor of b and j?
6
Let t(s) = -s - 5. Let u be t(-12). Let o = -7 - -28. Calculate the greatest common factor of u and o.
7
Let w(z) = -z + 3. Let c be w(3). Suppose 2*v - 3*k = -7*k - 4, -k - 5 = c. Let a(y) = y + 1. Let t be a(3). What is the highest common factor of v and t?
4
Let m(s) = -5*s - 35. Let z be m(-8). What is the highest common divisor of z and 35?
5
Suppose 2*v - 4*u - 78 = 0, 41 = 5*v - u - 136. Calculate the highest common factor of v and 7.
7
Let f(g) = g + 5. Let q be f(0). Suppose 2*o + 6 = q*o. What is the greatest common divisor of o and 2?
2
Let u(z) = 12*z**2 + 1. Let l be u(1). Suppose -4*h + 8 = -12. Suppose 0 = x - 0*n + 2*n - 55, 2*x + h*n = 105. What is the highest common factor of l and x?
13
Let o be ((-66)/(-9))/(2/3). Let j = 54 + -21. Calculate the greatest common factor of o and j.
11
Let n be (80/(-12))/(6/(-9)). Let v(u) = -u - n + 3*u + 0*u**2 - 12*u - u**2. Let l be v(-8). What is the greatest common factor of l and 18?
6
Suppose 4*l - 4*b - 248 = 0, 0 = 2*l - b + 6*b - 110. What is the greatest common divisor of l and 80?
20
Suppose -2*w = 2*n - 272, 4*w + 0*w = -5*n + 676. Let c = n + -66. Let i = c - 42. What is the highest common divisor of i and 3?
3
Let n(m) = -m**3 + 4*m**2 - 2*m + 1. Let i be n(3). Suppose -i*f + 33 = -87. Calculate the greatest common divisor of f and 45.
15
Let b(c) = 2*c**2 + c - 2. Let z be b(4). Let k = 110 + z. What is the highest common divisor of k and 18?
18
Let z(u) = -u**2 - 13*u + 19. Let l be z(-13). Let k = 11 - 8. Suppose -k*j = -138 - 33. What is the greatest common factor of l and j?
19
Suppose 0 = -4*w - 0*w + 8. Let p(m) = 2*m**3 - 3*m**2 + 3*m - 3. Let b be p(w). What is the greatest common divisor of b and 21?
7
Let r(j) = 7*j + 1. Let f(v) = 13*v + 3. Let a(k) = -4*f(k) + 7*r(k). Let l be a(-2). Let g = 14 - 9. What is the highest common divisor of l and g?
1
Suppose -4*u - 3*z = 3, 0 = -2*u + u - 4*z - 17. Calculate the greatest common factor of 33 and u.
3
Suppose 2*t + 0 = -2. Let a be t/(-3) - (-6)/9. Calculate the greatest common factor of a and 7.
1
Suppose -4*d - 42 + 158 = 0. Suppose -128 = -t - d. What is the greatest common factor of 9 and t?
9
Suppose -i = i + 16. Let a = i - -44. What is the highest common factor of a and 9?
9
Suppose 5*r = -16 + 66. Let o = 19 - 4. Calculate the highest common factor of o and r.
5
Let x = -5 - -3. Let y(g) = g**3 + 2*g**2 - 3*g - 1. Let c be y(x). Suppose w + 217 = c*p, p + 188 = 5*p + 4*w. What is the highest common factor of 11 and p?
11
Let l(f) = -f**2 + 2*f + 3. Let j be l(3). Suppose -2*v - 2 = j, 3*c + 4*v - 3 = 20. Calculate the highest common factor of 3 and c.
3
Suppose 8 = -4*f - a + 25, 0 = f - 4*a. Calculate the highest common divisor of f and 16.
4
Let j be (2/3)/(6/27). Suppose 0 = -j*h - 0*h + 39. Suppose -4*p = 3*z - 2*z - 411, -495 = -5*p - 5*z. What is the highest common divisor of h and p?
13
Let r = 2 - 1. Suppose -r = -b, -p + b = p - 3. Suppose -j + p = -1. Calculate the 